at are the prime factors of 144913?
19, 29, 263
What are the prime factors of 2556032?
2, 19, 1051
What are the prime factors of 1549135?
5, 7, 6323
List the prime factors of 6403870.
2, 5, 11, 58217
List the prime factors of 554811.
3, 173, 1069
List the prime factors of 154086.
2, 3, 61, 421
List the prime factors of 10989338.
2, 43, 53, 2411
What are the prime factors of 247160?
2, 5, 37, 167
What are the prime factors of 1778347?
1778347
What are the prime factors of 18950196?
2, 3, 1579183
List the prime factors of 5000247.
3, 7, 139, 571
List the prime factors of 958462.
2, 479231
List the prime factors of 4504282.
2, 1097, 2053
What are the prime factors of 256383?
3, 61, 467
What are the prime factors of 8347079?
13, 49391
What are the prime factors of 2745558?
2, 3, 152531
List the prime factors of 425675.
5, 17027
List the prime factors of 1698.
2, 3, 283
List the prime factors of 14737519.
43, 342733
List the prime factors of 1662296.
2, 47, 4421
List the prime factors of 1684472.
2, 239, 881
What are the prime factors of 21423664?
2, 1338979
What are the prime factors of 1110918?
2, 3, 185153
What are the prime factors of 658140?
2, 3, 5, 7, 1567
What are the prime factors of 395502?
2, 3, 29, 2273
What are the prime factors of 79166?
2, 23, 1721
What are the prime factors of 6839486?
2, 769, 4447
What are the prime factors of 117477?
3, 19, 229
What are the prime factors of 201911?
201911
List the prime factors of 12940100.
2, 5, 129401
What are the prime factors of 1517846?
2, 11, 68993
List the prime factors of 1187714.
2, 11, 53987
List the prime factors of 87035.
5, 13, 103
List the prime factors of 14294387.
113, 126499
List the prime factors of 4891470.
2, 3, 5, 103, 1583
List the prime factors of 12613421.
461, 27361
What are the prime factors of 540821?
17, 29, 1097
List the prime factors of 1196193.
3, 398731
What are the prime factors of 3038098?
2, 7, 29, 1069
List the prime factors of 131759.
131759
What are the prime factors of 12243685?
5, 2448737
List the prime factors of 16273723.
151, 107773
What are the prime factors of 148052?
2, 37013
What are the prime factors of 34656293?
7, 271, 18269
What are the prime factors of 2596864?
2, 317
List the prime factors of 5902945.
5, 101, 11689
List the prime factors of 625412.
2, 156353
What are the prime factors of 874126?
2, 11, 39733
List the prime factors of 5263344.
2, 3, 36551
List the prime factors of 9744269.
239, 40771
List the prime factors of 164961.
3, 18329
What are the prime factors of 2015219?
47, 53, 809
List the prime factors of 1065127.
7, 59, 2579
What are the prime factors of 3499104?
2, 3, 7, 41, 127
What are the prime factors of 534546?
2, 3, 19, 521
What are the prime factors of 2438239?
2438239
List the prime factors of 282729.
3, 73, 1291
List the prime factors of 151313.
337, 449
What are the prime factors of 2438853?
3, 421, 1931
What are the prime factors of 15871409?
37, 428957
List the prime factors of 1381419.
3, 13, 11807
List the prime factors of 4966222.
2, 83, 29917
What are the prime factors of 222952?
2, 29, 31
What are the prime factors of 21558?
2, 3, 3593
What are the prime factors of 113982?
2, 3, 11, 157
What are the prime factors of 4858320?
2, 3, 5, 31, 653
What are the prime factors of 31725?
3, 5, 47
List the prime factors of 32377120.
2, 5, 202357
List the prime factors of 2141262.
2, 3, 19, 2087
What are the prime factors of 26760997?
29, 73, 12641
List the prime factors of 178010.
2, 5, 7, 2543
List the prime factors of 4215413.
4215413
What are the prime factors of 7186488?
2, 3, 23, 47, 277
List the prime factors of 6832130.
2, 5, 17, 40189
List the prime factors of 13533.
3, 13, 347
List the prime factors of 16540051.
11, 19, 79139
What are the prime factors of 302458?
2, 13, 11633
What are the prime factors of 2272577?
17, 37, 3613
What are the prime factors of 3442220?
2, 5, 109, 1579
List the prime factors of 10811.
19, 569
List the prime factors of 3696278.
2, 389, 4751
What are the prime factors of 1244592?
2, 3, 43, 67
What are the prime factors of 8900656?
2, 17, 43, 761
List the prime factors of 169453.
41, 4133
List the prime factors of 521153.
521153
List the prime factors of 1260611.
11, 114601
List the prime factors of 182681.
182681
List the prime factors of 5259.
3, 1753
List the prime factors of 160305.
3, 5, 10687
List the prime factors of 7115243.
7115243
List the prime factors of 366631.
366631
List the prime factors of 179103.
3, 227, 263
What are the prime factors of 356475?
3, 5, 7, 97
What are the prime factors of 5504243?
17, 19, 17041
What are the prime factors of 12024?
2, 3, 167
What are the prime factors of 15379?
7, 13
What are the prime factors of 8261077?
11, 751007
What are the prime factors of 147943?
337, 439
What are the prime factors of 130416?
2, 3, 11, 13, 19
What are the prime factors of 4461899?
13, 151, 2273
What are the prime factors of 747061?
7, 19, 41, 137
List the prime factors of 386044.
2, 103, 937
What are the prime factors of 32991497?
7, 11, 3541
List the prime factors of 3051255.
3, 5, 203417
List the prime factors of 709892.
2, 177473
List the prime factors of 1718784.
2, 3, 373
What are the prime factors of 195201?
3, 23, 41
List the prime factors of 430270.
2, 5, 17, 2531
List the prime factors of 456909.
3, 17, 31
What are the prime factors of 6787611?
3, 251393
List the prime factors of 14480279.
11, 1316389
What are the prime factors of 1256827?
11, 13, 17, 47
List the prime factors of 1477601.
97, 15233
List the prime factors of 29551299.
3, 9850433
List the prime factors of 206854.
2, 59, 1753
What are the prime factors of 2620275?
3, 5, 7, 23, 31
What are the prime factors of 83733?
3, 13, 19, 113
What are the prime factors of 28009435?
5, 5601887
List the prime factors of 48079.
48079
List the prime factors of 45398.
2, 22699
What are the prime factors of 989762?
2, 191, 2591
What are the prime factors of 184215?
3, 5, 12281
List the prime factors of 3527507.
3527507
List the prime factors of 533967.
3, 7, 47, 541
What are the prime factors of 3186072?
2, 3, 17, 19, 137
List the prime factors of 3526291.
23, 139, 1103
What are the prime factors of 53260?
2, 5, 2663
What are the prime factors of 187468?
2, 46867
List the prime factors of 4432579.
821, 5399
List the prime factors of 355.
5, 71
What are the prime factors of 382649?
382649
List the prime factors of 267979.
89, 3011
What are the prime factors of 243382?
2, 73, 1667
What are the prime factors of 535020?
2, 3, 5, 37, 241
What are the prime factors of 9431499?
3, 7, 11, 40829
List the prime factors of 775104.
2, 3, 11, 367
List the prime factors of 4636798.
2, 19, 122021
List the prime factors of 1098572.
2, 23, 11941
What are the prime factors of 41918464?
2, 7, 17, 43
List the prime factors of 284986.
2, 13, 97, 113
List the prime factors of 1886721.
3, 47, 13381
List the prime factors of 2106859.
691, 3049
What are the prime factors of 13576288?
2, 11, 38569
What are the prime factors of 7781389?
7, 11, 9187
List the prime factors of 1184543.
17, 59, 1181
List the prime factors of 1246048.
2, 23, 1693
List the prime factors of 7217347.
151, 47797
What are the prime factors of 1984117?
1984117
List the prime factors of 241589.
241589
List the prime factors of 197525.
5, 7901
What are the prime factors of 2559605?
5, 17, 30113
What are the prime factors of 187112?
2, 19, 1231
What are the prime factors of 2385646?
2, 1192823
What are the prime factors of 22551893?
7, 13, 79, 3137
What are the prime factors of 4563212?
2, 1140803
List the prime factors of 276393.
3, 13, 19, 373
What are the prime factors of 4043359?
89, 181, 251
What are the prime factors of 1832035?
5, 131, 2797
List the prime factors of 1602685.
5, 7, 29, 1579
List the prime factors of 132201.
3, 37, 397
What are the prime factors of 29869774?
2, 11, 1357717
List the prime factors of 1605809.
179, 8971
List the prime factors of 626136.
2, 3, 7, 3727
What are the prime factors of 155144?
2, 11, 41, 43
List the prime factors of 2097817.
17, 123401
What are the prime factors of 9306657?
3, 38299
What are the prime factors of 37371?
3, 12457
What are the prime factors of 1251098?
2, 17, 31, 1187
List the prime factors of 208776.
2, 3,